ase 15, what is -89eb + 9?
-89e2
In base 14, what is -108 - 1a9?
-2b3
In base 7, what is -10414 - 1052?
-11466
In base 11, what is 2768 + -26?
2742
In base 16, what is 3 - -2c4e6?
2c4e9
In base 11, what is 36 + -22a?
-1a4
In base 15, what is 142aed + 3?
142b01
In base 9, what is 3 - -252645?
252648
In base 8, what is 3 - 734741?
-734736
In base 12, what is -b0 + -14?
-104
In base 14, what is 7910d + 2?
79111
In base 15, what is -a7c + 6e?
-a0d
In base 3, what is 1010000 - -12201?
1022201
In base 10, what is 72238 + -2?
72236
In base 16, what is -2 - -609b?
6099
In base 9, what is -107438 + 1?
-107437
In base 15, what is -a1 + -e?
-b0
In base 7, what is -4 - -1555262?
1555255
In base 16, what is -1 + -5705?
-5706
In base 5, what is 31 - 3111140?
-3111104
In base 2, what is -1000001100000111 + 110?
-1000001100000001
In base 3, what is 11011 + -1202201002?
-1202112221
In base 6, what is -255 - 24423?
-25122
In base 2, what is 11001100001 + 1100101000?
100110001001
In base 13, what is -1805b - -2?
-18059
In base 10, what is 19 - 66570?
-66551
In base 5, what is 200 - 1030222?
-1030022
In base 12, what is 4a2 + 393?
875
In base 2, what is 10 - 1011101000010100?
-1011101000010010
In base 4, what is -21300012 - 1?
-21300013
In base 16, what is -34 + 227?
1f3
In base 14, what is -29c + -5b?
-319
In base 3, what is -1201211010 + 1?
-1201211002
In base 16, what is 2 - 3fa8?
-3fa6
In base 6, what is -12 + -2030232?
-2030244
In base 8, what is -451700 + 3?
-451675
In base 6, what is -3 - 212105?
-212112
In base 2, what is 1001 - 11001111101?
-11001110100
In base 9, what is -6 + 10454?
10447
In base 12, what is -5b8 - -16?
-5a2
In base 4, what is 312302123 - 12?
312302111
In base 8, what is 1026 - -15163?
16211
In base 7, what is 0 - 5211644?
-5211644
In base 12, what is -28 - -197?
16b
In base 16, what is 0 + 2505?
2505
In base 3, what is 20220011 + 1002?
20221020
In base 7, what is -10145 + -5?
-10153
In base 12, what is 283a33 + -3?
283a30
In base 3, what is 21111 + 22011?
120122
In base 10, what is 449 + 804?
1253
In base 16, what is -5 - -2341?
233c
In base 4, what is 201 + 2333?
3200
In base 5, what is 11421 - -10243?
22214
In base 15, what is 26 - 1187?
-1161
In base 15, what is 3cd - -13?
3e1
In base 12, what is 10 - 238?
-228
In base 4, what is -22101 - 1001?
-23102
In base 15, what is -4743 - -2?
-4741
In base 16, what is 20 + bbe?
bde
In base 13, what is c0 - 566?
-476
In base 4, what is -122322121 - -2?
-122322113
In base 6, what is -110 + -10345?
-10455
In base 4, what is 21 - 2331012?
-2330331
In base 8, what is -1706 + -12?
-1720
In base 4, what is -31102 - -1102?
-30000
In base 11, what is -8436 - -64?
-8382
In base 13, what is -5 - -3960?
3958
In base 11, what is -a - 64356?
-64365
In base 14, what is 1a70 - -5?
1a75
In base 7, what is -3 + 133160?
133154
In base 9, what is -3310 - -288?
-3011
In base 3, what is 2 + 100221121?
100221200
In base 14, what is 2 + 1d47?
1d49
In base 6, what is 13134501 - -13?
13134514
In base 3, what is 1000 + -1000210?
-222210
In base 9, what is 155 - -1?
156
In base 3, what is -1012 + -202011?
-210100
In base 4, what is -323022100 + -10?
-323022110
In base 12, what is 6 + -13558?
-13552
In base 3, what is 120 - -20100002?
20100122
In base 12, what is -2 - -3239?
3237
In base 14, what is 28 + -106b0?
-10686
In base 11, what is -5 - 538198?
-5381a2
In base 15, what is 102 + d?
110
In base 4, what is 11 - 2012020023?
-2012020012
In base 10, what is -349 - -114?
-235
In base 15, what is -205 + -12?
-217
In base 4, what is 322 + -1303121?
-1302133
In base 12, what is 1641 - -448?
1a89
In base 14, what is -5 - 1a1a5?
-1a1aa
In base 11, what is 950001 + -2?
94aaaa
In base 8, what is -523 + -1?
-524
In base 2, what is -11 + -10111101?
-11000000
In base 8, what is -145 + -14576?
-14743
In base 4, what is -230 + 2133101?
2132211
In base 11, what is 38 + 2685?
2712
In base 8, what is 32 + 624?
656
In base 2, what is 10001111001 - -101001?
10010100010
In base 10, what is -2 - -20033?
20031
In base 15, what is 42754c - 2?
42754a
In base 2, what is -10010000 - 1000010001001?
-1000100011001
In base 3, what is 111 + 20020120?
20021001
In base 2, what is 1000 + 11000011010?
11000100010
In base 6, what is -5 + -2331235?
-2331244
In base 4, what is -312032 - -30?
-312002
In base 10, what is -16 - -215?
199
In base 14, what is -1a36c + -3?
-1a371
In base 11, what is 23 + -4754?
-4731
In base 14, what is a4 - 146a?
-13a6
In base 8, what is 251526 + 5?
251533
In base 3, what is -1022 - -1021211?
1020112
In base 6, what is -4 - 1142544?
-1142552
In base 15, what is -15b - 242?
-39d
In base 10, what is -27890 + 1?
-27889
In base 8, what is -136416 + -6?
-136424
In base 13, what is -c99 - 6b0?
-1679
In base 8, what is 5126 + -63?
5043
In base 7, what is 1436 + -242?
1164
In base 9, what is -45172 - 2?
-45174
In base 6, what is -33 + -513045?
-513122
In base 9, what is 11318 + -5?
11313
In base 8, what is 22 - -7524?
7546
In base 13, what is 4 - 4a88?
-4a84
In base 5, what is 11440113 + -114?
11434444
In base 6, what is -2025 - 11555?
-14024
In base 3, what is -22102210 - 21?
-22110001
In base 13, what is 26b6 + -28?
268b
In base 5, what is -1331224 + 222?
-1331002
In base 8, what is -472262 + 0?
-472262
In base 13, what is 7996 - 355?
7641
In base 16, what is 110cf2 + -1?
110cf1
In base 4, what is -21223 + -120?
-22003
In base 10, what is 1 - 24787?
-24786
In base 12, what is -72574 + 0?
-72574
In base 8, what is 2015 + 37?
2054
In base 5, what is 4 - -42320210?
42320214
In base 4, what is -10 - 11221?
-11231
In base 2, what is -1111101011101 - 1?
-1111101011110
In base 7, what is -42514 + -2?
-42516
In base 9, what is -2443856 + -5?
-2443862
In base 11, what is a39 + -12a?
90a
In base 16, what is 1a1a6 + -4?
1a1a2
In base 13, what is -190 + -1b80?
-2040
In base 13, what is -5 + 2ba97?
2ba92
In base 9, what is -204551 - -3?
-204547
In base 5, what is 1210130 + -2?
1210123
In base 4, what is -12210 - -13000?
130
In base 14, what is -abc - -13?
-aa9
In base 14, what is -50 - 323?
-373
In base 6, what is 1325430 + 0?
1325430
In base 7, what is 2050 + -10?
2040
In base 12, what is 135 - 5364?
-522b
In base 13, what is -5 - 240a0?
-240a5
In base 7, what is 0 + 16346?
16346
In base 4, what is 10 + 10001202?
10001212
In base 9, what is -70080 + 15?
-70064
In base 10, what is -22125 - -3?
-22122
In base 10, what is -5 + 792131?
792126
In base 11, what is -2517 + 1?
-2516
In base 9, what is 12253 + -116?
12136
In base 6, what is -22325404 + 3?
-22325401
In base 2, what is -100011110111000 - -1001010?
-100011101101110
In base 11, what is 86 - 120?
-45
In base 5, what is 4 - 121313202?
-121313143
In base 8, what is -2310 - -1536?
-552
In base 9, what is 3 + -28714?
-28711
In base 9, what is 51672 + 3?
51675
In base 8, what is 1707743 + -5?
1707736
In base 7, what is -2240 - 2?
-2242
In base 16, what is ee - -6bf?
7ad
In base 2, what is -11101110111 - -100010001100?
100010101
In base 12, what is 64 - -159?
201
In base 9, what is 164503 + -15?
164477
In base 15, what is -d - ab7?
-ac5
In base 13, what is 1c010 - 8?
1c005
In base 13, what is 5 + 4768?
4770
In base 14, what is 7d43d - -3?
7d442
In base 9, what is -7 - -523252?
523244
In base 5, what is -30 + -43220?
-43300
In base 2, what is 110101000 - 100001?
110000111
In base 2, what is -10 - -1101110110001001100?
1101110110001001010
In base 14, what is -b1527 + 3?
-b1524
In base 3, what is 22 + 2120?
2212
In base 6, what is -15130213 + -5?
-15130222
In base 15, what is 3dc - -b6?
4a3
In base 10, what is 197 + 2107?
2304
In base 11, what is -662 + -12?
-674
In base 3, what is 121122211 - 121?
121122020
In base 10, what is -151883 + 2?
-151881
In base 2, what is -10010011 - -11110100110?
11100010011
In base 10, what is -8507 - 4?
-8511
In base 2, what is -111111101000 + 11000111?
-111100100001
In base 13, what is -5884 - 5?
-5889
In base 4, what is 1010220 + 323?
1011203
In base 7, what is 2104016 + 2?
2104021
In base 5, what is -10 + -11330204?
-11330214
In base 7, what is 424 - -4?
431
In base 11, what is -1 + 12077?
12076
In base 15, what is -548 + 29d?
-29a
In base 13, what is 28 + 2a1?
2c9
In base 2, what is -100 + -1101111110001?
-1101111110101
In base 11, what is 14 + -27260?
-27247
